{"id":18,"date":"2019-02-04T09:39:06","date_gmt":"2019-02-04T07:39:06","guid":{"rendered":"http:\/\/kirnuvuori.fi\/?page_id=18"},"modified":"2022-06-16T12:43:45","modified_gmt":"2022-06-16T09:43:45","slug":"ajankohtaista","status":"publish","type":"page","link":"https:\/\/kirnuvuori.fi\/index.php\/ajankohtaista\/","title":{"rendered":"Ajankohtaista"},"content":{"rendered":"\r\n<p><strong>15.10.2021<\/strong><\/p>\r\n<h4><strong>TUOTANNOLLE VIHRE\u00c4\u00c4 ENERGIAA<\/strong>.<\/h4>\r\n<p><strong>120 kpl aurinkopaneeleita 44,4 kWp teholla tuottavat Kirnuvuori Oy tuotannolle energiaa syksyst\u00e4 2021 l\u00e4htien.<\/strong><\/p>\r\n<p><strong>\u00a0 \u00a0 <br \/><\/strong><\/p>\r\n<p><strong>9.8.2021<\/strong><\/p>\r\n<h4><strong>RUOSTUMATTOMAN TER\u00c4KSEN SORVAUSOSIEN VALMISTUS- JA KARKAISULINJA ON K\u00c4YNNISS\u00c4 JO T\u00c4YDELL\u00c4 TEHOLLA!\u00a0\u00a0 <br \/><\/strong><\/h4>\r\n<p>Sorvaus ja karkaisulinja on saatu kev\u00e4\u00e4n ja kes\u00e4n aikana t\u00e4yteen vauhtiin. Karkaistuja kuljetinketjujen ketjuholkkeja valmistuu p\u00e4iv\u00e4ss\u00e4 useita satoja kappaleita.<\/p>\r\n<p>Katso video karkaisusta:\u00a0 <a href=\"https:\/\/drive.google.com\/file\/d\/1MXDxNQCElPv2h7zBMEsxYYLDGFUV8xy3\/view?usp=sharing\">Karkaisu\u00a0 <\/a><\/p>\r\n<p><strong>9.2.2021<\/strong><\/p>\r\n<h4><strong>CASE JA NEW HOLLAND TRAKTOREIDEN TRIMA-KUORMAIMEN PUSKUTUET NYT SUORAAN ALKUPER\u00c4ISELT\u00c4 VALMISTAJALTA!<\/strong><\/h4>\r\n<p>TS, TSA,T6\/MAXXUM\/PCRC\/PUMA125-155 koneisiin.<\/p>\r\n<p>Kysy lis\u00e4\u00e4 yhteystietojen kautta!<\/p>\r\n<p><strong>18.1.2021<\/strong><\/p>\r\n<h4><strong>RUOSTUMATTOMAN TER\u00c4KSEN SORVAUSOSIEN VALMISTUS- JA KARKAISULINJA ON TESTAUSVAIHEESSA!\u00a0\u00a0 <br \/><\/strong><\/h4>\r\n<p>Lis\u00e4tietoja p\u00e4ivitet\u00e4\u00e4n alkuvuodesta!<\/p>\r\n<p><strong>18.3.2020<\/strong><\/p>\r\n<h4><strong>LAAJENNAMME TUOTANTOTILOJA JA INVESTOIMME RUOSTUMATTOMAN TER\u00c4KSEN SORVAUSOSIEN VALMISTUS- JA KARKAISULINJAAN VUODEN 2020 AIKANA!<\/strong><\/h4>\r\n<h5><img loading=\"lazy\" decoding=\"async\" class=\"alignnone  wp-image-329\" src=\"https:\/\/kirnuvuori.fi\/wp-content\/uploads\/2022\/06\/Laajennusosa-2021-2-1-300x225.jpg\" alt=\"\" width=\"367\" height=\"275\" srcset=\"https:\/\/kirnuvuori.fi\/wp-content\/uploads\/2022\/06\/Laajennusosa-2021-2-1-300x225.jpg 300w, https:\/\/kirnuvuori.fi\/wp-content\/uploads\/2022\/06\/Laajennusosa-2021-2-1-768x576.jpg 768w, https:\/\/kirnuvuori.fi\/wp-content\/uploads\/2022\/06\/Laajennusosa-2021-2-1-1024x768.jpg 1024w, https:\/\/kirnuvuori.fi\/wp-content\/uploads\/2022\/06\/Laajennusosa-2021-2-1-1568x1176.jpg 1568w, https:\/\/kirnuvuori.fi\/wp-content\/uploads\/2022\/06\/Laajennusosa-2021-2-1.jpg 1672w\" sizes=\"(max-width: 367px) 100vw, 367px\" \/><\/h5>\r\n<h6>Kuva laajennusosasta 6\/2022<\/h6>\r\n<p><strong>2.7.2019<\/strong><\/p>\r\n<h4><strong>INVESTOIMME UUTEEN TANKOAUTOMAATTIIN JA\u00a0 SORVATTUJEN KAPPALEIDEN J\u00c4LKIK\u00c4SITTELYN AUTOMATISOINTIIN! <\/strong><\/h4>\r\n<p>Laitteiston k\u00e4ytt\u00f6\u00f6notto oli kes\u00e4kuussa 2019. Katso tarkemmin koneluettelosta!<\/p>\r\n<p>Katso video <a href=\"https:\/\/drive.google.com\/file\/d\/1OItqbz1HqC-zMPucy1vA-5767gW1BSiP\/view?usp=sharing\">Tappi<\/a><\/p>\r\n\r\n\r\n\r\n<p><strong>1.2.2019 <\/strong><\/p>\r\n<h4><strong>PYSTYKARAINEN LIIKKUVAPYLV\u00c4INEN MAZAK VTC-800\/20HD\u00a0KONEISTUSKESKUS OTETTIIN K\u00c4YTT\u00d6\u00d6N SYKSYLL\u00c4 2018!<\/strong><\/h4>\r\n\r\n\r\n\r\n<p>Koneistuskeskus mahdollistaa aina 1500 mm pitkien kappaleiden koneistamisen. Katso tarkemmin koneluettelosta!\u00a0<\/p>\r\n<p>&nbsp;<\/p>\r\n<h4>Ota yhteytt\u00e4!\u00a0\u00a0<a href=\"https:\/\/kirnuvuori.fi\/index.php\/yhteystiedot\">Yhteystiedot<\/a><\/h4>\r\n<p>&nbsp;<\/p>\r\n","protected":false},"excerpt":{"rendered":"<p>15.10.2021 TUOTANNOLLE VIHRE\u00c4\u00c4 ENERGIAA. 120 kpl aurinkopaneeleita 44,4 kWp teholla tuottavat Kirnuvuori Oy tuotannolle energiaa syksyst\u00e4 2021 l\u00e4htien. \u00a0 \u00a0 9.8.2021 RUOSTUMATTOMAN TER\u00c4KSEN SORVAUSOSIEN VALMISTUS- JA KARKAISULINJA ON K\u00c4YNNISS\u00c4 JO T\u00c4YDELL\u00c4 TEHOLLA!\u00a0\u00a0 Sorvaus ja karkaisulinja on saatu kev\u00e4\u00e4n ja kes\u00e4n aikana t\u00e4yteen vauhtiin. Karkaistuja kuljetinketjujen ketjuholkkeja valmistuu p\u00e4iv\u00e4ss\u00e4 useita satoja kappaleita. Katso video karkaisusta:\u00a0 Karkaisu\u00a0 [&hellip;]<\/p>\n","protected":false},"author":1,"featured_media":0,"parent":0,"menu_order":0,"comment_status":"closed","ping_status":"closed","template":"","meta":{"footnotes":""},"_links":{"self":[{"href":"https:\/\/kirnuvuori.fi\/index.php\/wp-json\/wp\/v2\/pages\/18"}],"collection":[{"href":"https:\/\/kirnuvuori.fi\/index.php\/wp-json\/wp\/v2\/pages"}],"about":[{"href":"https:\/\/kirnuvuori.fi\/index.php\/wp-json\/wp\/v2\/types\/page"}],"author":[{"embeddable":true,"href":"https:\/\/kirnuvuori.fi\/index.php\/wp-json\/wp\/v2\/users\/1"}],"replies":[{"embeddable":true,"href":"https:\/\/kirnuvuori.fi\/index.php\/wp-json\/wp\/v2\/comments?post=18"}],"version-history":[{"count":37,"href":"https:\/\/kirnuvuori.fi\/index.php\/wp-json\/wp\/v2\/pages\/18\/revisions"}],"predecessor-version":[{"id":332,"href":"https:\/\/kirnuvuori.fi\/index.php\/wp-json\/wp\/v2\/pages\/18\/revisions\/332"}],"wp:attachment":[{"href":"https:\/\/kirnuvuori.fi\/index.php\/wp-json\/wp\/v2\/media?parent=18"}],"curies":[{"name":"wp","href":"https:\/\/api.w.org\/{rel}","templated":true}]}}